{"id":18,"date":"2018-03-30T16:48:50","date_gmt":"2018-03-30T16:48:50","guid":{"rendered":"http:\/\/leo-vom-castellum-muetal.de\/?page_id=18"},"modified":"2018-04-07T08:51:40","modified_gmt":"2018-04-07T08:51:40","slug":"ueber-uns","status":"publish","type":"page","link":"http:\/\/leo-vom-castellum-muetal.de\/?page_id=18","title":{"rendered":"\u00dcber uns"},"content":{"rendered":"<p><span style=\"font-family: comic sans ms,sans-serif; font-size: 14pt;\">Wir \u2013 mein Mann, mein Sohn und ich \u2013 sind eine Familie mit Haus und Grundst\u00fcck im Landschaftsschutzgebiet S\u00e4chsische Schweiz.<\/span><\/p>\n<p><span style=\"font-family: comic sans ms,sans-serif; font-size: 14pt;\">Wir waren immer der Meinung, zu einem Haus geh\u00f6rt ein Hund. Ein gro\u00dfer Hund.<\/span><\/p>\n<p><span style=\"font-family: comic sans ms,sans-serif; font-size: 14pt;\">So kam 2006 Sina \u2013 eine Bernersennen-Leonberger-H\u00fcndin zu uns. Ein Traumhund f\u00fcr Anf\u00e4nger. Treu, verschmust, anh\u00e4nglich und aufmerksam im Sinne von \u201ewie geht es Dir?\u201c Mit Sina haben wir auch Hundesport kennengelernt und aktiv betrieben. Sogar die Begleithundepr\u00fcfung haben wir abgelegt. Leider mussten wir Anfang 2015 Sina \u00fcber die Regenbogenbr\u00fccke helfen. Ein tiefes Loch tat sich vor uns auf.<\/span><\/p>\n<p><span style=\"font-family: comic sans ms,sans-serif; font-size: 14pt;\">Nach langer Zeit der Trauer war f\u00fcr uns klar \u2013 ein Hund mit <em>dem <\/em>Charakter mu\u00df es wieder sein. Wir hatten dann das Gl\u00fcck, in unserer N\u00e4he Leonberger mit verschiedenen Charakteren kennenzulernen und eine Zeit begleiten zu d\u00fcrfen.<\/span><\/p>\n<p><span style=\"font-family: comic sans ms,sans-serif; font-size: 14pt;\">Ab einem bestimmten Zeitpunkt war es soweit \u2013 jetzt mu\u00df es sein!<\/span><\/p>\n<p><span style=\"font-family: comic sans ms,sans-serif; font-size: 14pt;\">Uns wurde gesagt, in Nienhagen wird ein Wurf aus einer sch\u00f6nen Verpaarung (was auch immer das hei\u00dfen soll \u2013 dachten wir damals) erwartet. Ein Anruf und wir h\u00e4tten zumindest eine Chance.<\/span><\/p>\n<p><span style=\"font-family: comic sans ms,sans-serif; font-size: 14pt;\">Lange Rede kurzer Sinn: wir haben aus Nienhagen eine wundervolle sch\u00f6ne H\u00fcndin \u201eAbigail What a Girl Leo vom Jerichower Land\u201c geholt. Abby hat unser Leben nicht nur auf den Kopf gestellt mit ihrer unverwechselbaren liebevollen temperamentvollen Art, sondern auch den Gedanken verfestigt zu z\u00fcchten.<\/span><\/p>\n<p><span style=\"font-family: comic sans ms,sans-serif; font-size: 14pt;\">Wir sind dann den Weg sehr zielstrebig angegangen mit Erstz\u00fcchterseminar, Ausstellungen, R\u00f6ntgen, Blutuntersuchungen, K\u00f6rung \u2026 Die Anmeldung im DCLH haben wir abgegeben, da kannten wir Abby noch nicht.<\/span><\/p>\n<p><span style=\"font-family: comic sans ms,sans-serif; font-size: 14pt;\">Man kann nichts gegen dieses \u201eLeonberger-Fieber\u201c machen. Nur sich ergeben und genie\u00dfen.<\/span><\/p>\n<p><span style=\"font-family: comic sans ms,sans-serif; font-size: 14pt;\">Und das tun wir. Mit jedem Tag mehr.<\/span><\/p>\n","protected":false},"excerpt":{"rendered":"<p>Wir \u2013 mein Mann, mein Sohn und ich \u2013 sind eine Familie mit Haus und Grundst\u00fcck im Landschaftsschutzgebiet S\u00e4chsische Schweiz. Wir waren immer der Meinung, zu einem Haus geh\u00f6rt ein Hund. Ein gro\u00dfer Hund. So kam 2006 Sina \u2013 eine Bernersennen-Leonberger-H\u00fcndin zu uns. Ein Traumhund f\u00fcr Anf\u00e4nger. Treu, verschmust, anh\u00e4nglich und aufmerksam im Sinne von &hellip; <a href=\"http:\/\/leo-vom-castellum-muetal.de\/?page_id=18\" class=\"more-link\"><span class=\"screen-reader-text\">&#8222;\u00dcber uns&#8220; <\/span>weiterlesen<\/a><\/p>\n","protected":false},"author":1,"featured_media":0,"parent":0,"menu_order":0,"comment_status":"closed","ping_status":"closed","template":"","meta":[],"_links":{"self":[{"href":"http:\/\/leo-vom-castellum-muetal.de\/index.php?rest_route=\/wp\/v2\/pages\/18"}],"collection":[{"href":"http:\/\/leo-vom-castellum-muetal.de\/index.php?rest_route=\/wp\/v2\/pages"}],"about":[{"href":"http:\/\/leo-vom-castellum-muetal.de\/index.php?rest_route=\/wp\/v2\/types\/page"}],"author":[{"embeddable":true,"href":"http:\/\/leo-vom-castellum-muetal.de\/index.php?rest_route=\/wp\/v2\/users\/1"}],"replies":[{"embeddable":true,"href":"http:\/\/leo-vom-castellum-muetal.de\/index.php?rest_route=%2Fwp%2Fv2%2Fcomments&post=18"}],"version-history":[{"count":5,"href":"http:\/\/leo-vom-castellum-muetal.de\/index.php?rest_route=\/wp\/v2\/pages\/18\/revisions"}],"predecessor-version":[{"id":82,"href":"http:\/\/leo-vom-castellum-muetal.de\/index.php?rest_route=\/wp\/v2\/pages\/18\/revisions\/82"}],"wp:attachment":[{"href":"http:\/\/leo-vom-castellum-muetal.de\/index.php?rest_route=%2Fwp%2Fv2%2Fmedia&parent=18"}],"curies":[{"name":"wp","href":"https:\/\/api.w.org\/{rel}","templated":true}]}}